False
Is 5187917 prime?
False
Is 343067689 composite?
False
Is 9802253 a composite number?
True
Is 2594041 a composite number?
True
Is 82439 a prime number?
False
Is 21451201 prime?
True
Is 4627097 a prime number?
False
Is 63586447 a prime number?
True
Is 340977451 composite?
False
Is 9541949 prime?
True
Is 2771861 prime?
True
Is 567629 prime?
False
Is 63801203 a prime number?
True
Is 4278493 a prime number?
False
Is 176816051 a prime number?
False
Is 3816005 a prime number?
False
Is 75056417 a composite number?
False
Is 7918697 a composite number?
False
Is 405701507 prime?
False
Is 3435767 composite?
False
Is 25182265 prime?
False
Is 477959453 composite?
False
Is 9455573 a composite number?
True
Is 14361353 prime?
True
Is 94766497 prime?
False
Is 7853273 prime?
False
Is 188579611 a prime number?
False
Is 797957 a prime number?
True
Is 2181709 a prime number?
True
Is 2587499 composite?
False
Is 842473 a prime number?
True
Is 31670909 prime?
True
Is 2196577 a prime number?
False
Is 22110877 a composite number?
True
Is 12873607 composite?
True
Is 5494499 a composite number?
True
Is 1355671 composite?
True
Is 7436989 composite?
True
Is 21051949 a composite number?
False
Is 1207877 a prime number?
False
Is 2617579 prime?
False
Is 29905 composite?
True
Is 59155879 prime?
False
Is 23429051 composite?
False
Is 9805457 composite?
False
Is 29642881 prime?
True
Is 284321357 prime?
False
Is 442560229 a composite number?
True
Is 34198289 a prime number?
True
Is 64946971 a composite number?
False
Is 604410011 a prime number?
True
Is 170529299 a prime number?
True
Is 241232573 prime?
True
Is 1839147 prime?
False
Is 241317371 prime?
True
Is 16408061 composite?
False
Is 176922926 composite?
True
Is 68373665 a composite number?
True
Is 1307545 a composite number?
True
Is 5975923 a composite number?
False
Is 951989 a prime number?
False
Is 6888319 a prime number?
False
Is 29319371 a prime number?
False
Is 99462851 composite?
True
Is 44527219 prime?
False
Is 3900122 a composite number?
True
Is 60063559 composite?
False
Is 4781209 a composite number?
True
Is 15518609 composite?
False
Is 287568157 a prime number?
True
Is 34354741 prime?
False
Is 569882387 a composite number?
False
Is 25851073 composite?
False
Is 529877 a composite number?
True
Is 67916587 a prime number?
False
Is 67881497 composite?
True
Is 40681981 composite?
True
Is 7240097 composite?
False
Is 158657 prime?
True
Is 3068561 composite?
False
Is 578567281 prime?
False
Is 110674417 a prime number?
False
Is 45028558 composite?
True
Is 21965333 a prime number?
False
Is 25235453 a prime number?
False
Is 5585771 a prime number?
True
Is 80754919 composite?
True
Is 102726322 prime?
False
Is 12569261 a prime number?
True
Is 4061329 composite?
False
Is 326803 composite?
True
Is 585097337 a prime number?
False
Is 2256323 prime?
False
Is 55262573 prime?
False
Is 48274393 a composite number?
False
Is 4432403 composite?
True
Is 338938099 composite?
False
Is 31152509 composite?
False
Is 1124434867 a composite number?
False
Is 336529033 a prime number?
True
Is 18868133 a composite number?
False
Is 2785261 composite?
False
Is 11239399 a composite number?
False
Is 99655183 prime?
True
Is 169345433 composite?
True
Is 55024841 a composite number?
False
Is 4593623 a composite number?
False
Is 5452103 prime?
True
Is 6534433 prime?
True
Is 14156105 prime?
False
Is 3920237 prime?
False
Is 79778291 prime?
True
Is 128762419 composite?
False
Is 15090661 composite?
True
Is 63353221 composite?
True
Is 1992761 composite?
False
Is 865957 prime?
True
Is 82666355 prime?
False
Is 5667251 a prime number?
False
Is 6944731 a composite number?
False
Is 30608533 prime?
True
Is 2965631 a prime number?
True
Is 9930391 a composite number?
False
Is 57505379 a composite number?
True
Is 6897073 a composite number?
False
Is 46566797 a prime number?
True
Is 3148583 composite?
False
Is 1099567 prime?
False
Is 19605842 prime?
False
Is 124325891 a prime number?
True
Is 144107447 prime?
False
Is 248164619 prime?
True
Is 10085027 a prime number?
True
Is 87770297 composite?
True
Is 15001807 a composite number?
False
Is 23999671 a composite number?
True
Is 2035979 a prime number?
False
Is 2296907 a prime number?
True
Is 15929077 a prime number?
True
Is 160943767 prime?
True
Is 901027 a composite number?
True
Is 130623341 prime?
True
Is 98179 prime?
True
Is 639043 a composite number?
False
Is 2148163 prime?
True
Is 949733 a composite number?
False
Is 2061487 prime?
False
Is 7481534 a prime number?
False
Is 33978323 a composite number?
False
Is 1417043 a prime number?
False
Is 2800519 a composite number?
False
Is 7782979 prime?
True
Is 835443487 a composite number?
False
Is 85234369 prime?
False
Is 38627059 prime?
True
Is 68171 composite?
False
Is 5691473 a composite number?
True
Is 23318597 a prime number?
False
Is 138277 composite?
True
Is 340967837 a composite number?
True
Is 13113167 composite?
False
Is 24223201 prime?
False
Is 292548143 composite?
True
Is 84055 a composite number?
True
Is 347041 prime?
True
Is 53461 composite?
True
Is 295242081 a prime number?
False
Is 10512655 composite?
True
Is 229720841 composite?
True
Is 47086841 a prime number?
True
Is 50584867 a prime number?
True
Is 10440431 composite?
True
Is 15202711 a composite number?
False
Is 1920719 composite?
True
Is 793463327 a prime number?
True
Is 37338527 a composite number?
True
Is 4697401 a composite number?
True
Is 1101071 a composite number?
False
Is 47858543 composite?
False
Is 2088459361 a prime number?
True
Is 88769 a prime number?
False
Is 148158407 prime?
True
Is 17573977 prime?
True
Is 19836379 a prime number?
True
Is 63552499 a prime number?
False
Is 383369999 a composite number?
False
Is 26416667 composite?
True
Is 12541099 a prime number?
False
Is 97465967 prime?
True
Is 453468049 a prime number?
True
Is 27877669 a prime number?
True
Is 18558659 a prime number?
False
Is 3939233 prime?
False
Is 13263697 composite?
True
Is 4741547 a prime number?
True
Is 2271209 a composite number?
True
Is 6218827 a composite number?
False
Is 4611097 a prime number?
False
Is 75368301 a prime number?
False
Is 992689 prime?
True
Is 8912791 a prime number?
True
Is 6914143 prime?
False
Is 4336019 composite?
False
Is 447035639 a composite number?
False
Is 6784523 a composite number?
False
Is 1671121 composite?
False
Is 32080969 a composite number?
False
Is 2818833 a prime number?
False
Is 3826133 composite?
True
Is 244891669 composite?
True
Is 1692334667 prime?
True
Is 2311843 a prime number?
True
Is 4691131 composite?
True
Is 9098897 a prime number?
True
Is 111021499 prime?
True
Is 677867 composite?
True
Is 92088723 a prime number?
False
Is 36472979 composite?
False
Is 84776701 composite?
True
Is 9207197 a composite number?
False
Is 24967209 a prime number?
False
Is 87817951 prime?
False
Is 3331361 composite?
True
Is 213885677 prime?
True
Is 473849611 composite?
True
Is 10935577 composite?
True
Is 160221427 composite?
True
Is 1884814637 a composite number?
False
Is 18850817 a composite number?
False
Is 174286537 a composite number?
True
Is 10422514 composite?
True
Is 26096594 prime?
False
Is 552561 a prime number?
False
Is 1213865 a composite number?
True
Is 297884813 a prime number?
True
Is 251998511 a prime number?
False
Is 11883349 prime?
False
Is 10339489 prime?
False
Is 610723 composite?
True
Is 26594111 prime?
True
Is 3906139 prime?
False
Is 39868039 prime?
False
Is 49216723 composite?
False
Is 5980549 a prime number?
False
Is 59197079 a prime number?
True
Is 5661883 a composite number?
True
Is 63459379 a composite number?
False
Is 855521 composite?
False
Is 4859341 prime?
True
Is 18452627 a composite number?
False
Is 612563 composite?
True
Is 12156943 composite?
True
Is 30411721 a prime number?
True
Is 2265217 a composite number?
True
Is 79661674 prime?
False
Is 367543445 a composite number?
True
Is 240155239 a composite number?
False
Is 5973874 prime?
False
Is 96561067 prime?
False
Is 87522101 a composite number?
False
Is 51821741 a prime number?
False
Is 2692549 a prime number?
True
Is 163542773 composite?
False
Is 552841 a composite number?
False
Is 186612983 a composite number?
True
Is 30535409 prime?
True
Is 101351249 prime?
False
Is 203604199 prime?
True
Is 681053 a prime